a prime number?
False
Suppose 0 = -3*o - 3*r + 12, -2*o + 0*r + 6 = r. Suppose -70 = -o*z + 4. Is z a composite number?
False
Suppose p - 7*p + 7566 = 0. Is p a composite number?
True
Suppose -5*k + 0 + 10 = 0. Suppose -g - k*g = -57. Is g a composite number?
False
Suppose 5*p + 2*b + 95 = 1, -64 = 4*p - 4*b. Let i be p/(-8)*(14 - 6). Suppose -i = -2*a + 172. Is a prime?
False
Suppose -3*s + 9695 = 4*s. Is s composite?
True
Let u(k) = k**2 + k. Let x(g) = -8*g**2 - 3*g. Let y(i) = 15*u(i) + 3*x(i). Let t(l) = 10*l**2 - 7*l - 1. Let s(z) = -4*t(z) - 5*y(z). Is s(-3) composite?
True
Suppose 3*f - 3 - 6 = 0. Suppose -258 - 122 = -4*i. Suppose f*d = 8*d - i. Is d prime?
True
Let s(u) = -25*u - 31. Let b be s(-14). Let x = 556 - b. Is x a prime number?
False
Let p = -1 + 2. Let i be p/(-2 - 0)*-406. Is 1/2 + i/14 prime?
False
Is ((-138)/12)/(1/(-14)) a prime number?
False
Let n = -2 + 5. Suppose 0 = -4*z - 3*i + 342, 0 = 2*z - n*z + 3*i + 93. Is z prime?
False
Suppose 7*v - 3*v - 1936 = 0. Let o = v + -293. Is o composite?
False
Let y(f) = 3084*f**2 + 1. Is y(1) prime?
False
Let t(h) = 7*h**2 + 11*h - 4. Let v be t(-8). Suppose -2*i = -6*i + v. Is i composite?
False
Let m be ((-101)/(-3) + -2)*-3. Let k = m + 138. Let j = k - 28. Is j a composite number?
True
Let b be -2 - (-3 - (0 - -1)). Suppose 0 = 2*d - 6 - b. Suppose k + d*r = 15, 3*k - 13 = 2*r + 2*r. Is k a composite number?
False
Suppose -71*x + 70*x = -127. Is x a composite number?
False
Suppose 4*x = 9 - 1. Let n be ((-505)/10)/(1/x). Let y = n + 180. Is y composite?
False
Let u = -15 - -25. Suppose u = 2*z - 3*z. Let t(x) = x**2 + 8*x - 7. Is t(z) composite?
False
Let v be (93*2)/((-3)/(-2)). Let y be -1 + 1 + (v - 6). Suppose 0 = 3*b - b - y. Is b prime?
True
Let g(h) = h**2 + 8*h + 3. Let k be g(-8). Suppose 0 = k*l - 0*i + i - 13, -3*l - 4*i = -7. Suppose 132 = -f + l*f. Is f a prime number?
False
Suppose -2*v + 446 = -4*y, -5*v - 5*y + 839 + 276 = 0. Suppose x - v = -4*l + 2*x, -3*l = 5*x - 150. Is l a composite number?
True
Is (4/(-8)*3)/((-3)/3246) a prime number?
False
Suppose 0 = 2*g + 1 + 11. Let q(y) = y**2 + 7*y + 9. Let b be q(g). Suppose -2*r + 245 = b. Is r a prime number?
False
Let z be (-62)/(3*3/9). Is (z/5)/((-3)/15) prime?
False
Let v be (4 - 0)/(-4) + 1. Suppose v = -f + 37. Is f a composite number?
False
Suppose -2*c - 73 = 3*i - 4, -c + i - 32 = 0. Let y(x) = -x**3 + 7*x**2 - 7*x - 8. Let b be y(6). Let s = b - c. Is s prime?
True
Let r be (0 + (-2 - -32))/2. Suppose 3*b + r = -4*x + 5*x, b = 5*x - 5. Suppose -7*u + 2*u + 70 = x. Is u a composite number?
True
Let m(k) = k**3 + k**2 - k. Let x be m(-1). Suppose x + 33 = -v. Let g = v + 56. Is g composite?
True
Suppose 5*x - 4*s = -0*x + 3270, 1310 = 2*x - 2*s. Let n = 1327 - x. Is n a composite number?
False
Let k = 5 + -2. Suppose 3*m - 5*p + 15 = 5*m, 0 = -m - 2*p + 6. Suppose -6*z + 91 = 3*n - 4*z, m = -3*n - k*z + 90. Is n a composite number?
False
Let p = 6 - 1. Let d = -4 + p. Is 1*d/((-2)/(-326)) composite?
False
Let c = 4 + -5. Let z = c + 7. Suppose -l + z = -7. Is l prime?
True
Is 3386/10 + 16/40 prime?
False
Is 45480/84 - (-3)/(-7) prime?
True
Suppose f + g + g = 38, -5*f - 2*g + 174 = 0. Let w(n) = n**2 + 7*n - 7. Let v be w(5). Let y = v - f. Is y a composite number?
False
Suppose 0 = -3*r - 104 - 463. Let o = 355 + r. Is o prime?
False
Suppose 28 = 2*z - 4*q - 10, 0 = -3*z - 3*q + 30. Let u = 22 - z. Is u a composite number?
True
Suppose -5*g + 5 = -35. Let x(t) = t**2 + 1 - 2 - 7*t + 0. Is x(g) prime?
True
Let g = -4 + 4. Suppose 3*m + l - 123 = -l, g = -5*m + 2*l + 221. Is m composite?
False
Let b(k) = 3*k**3 - 2*k**2 - 5*k - 1. Let a be 0 - ((-6)/3 + -2). Is b(a) a prime number?
True
Suppose -8 = -h - 0*h - 3*r, -5*h + 5*r - 60 = 0. Let c(u) = -26*u + 3. Is c(h) a composite number?
True
Suppose 4*q - 2536 = -4*k, 0 = -4*k + 2*k - 2. Is q a composite number?
True
Let q(n) = -n + 66. Let s be q(0). Suppose -4*k - 12 = -2*j - j, 12 = 3*j. Suppose 2*i - s = -k*i. Is i composite?
True
Suppose -4*c + 294 = -2*c. Is c - (3 + -3 + 2) a prime number?
False
Suppose -5*i - 5573 = -4*x, 0*i = -x + 3*i + 1388. Is x a composite number?
True
Let c be (-2 - -1 - -2) + 26. Let x = -2 + c. Is x composite?
True
Suppose 3*n - 2*n - 4 = 0. Suppose s + 599 = -0*p + 3*p, 788 = n*p + 4*s. Is p a composite number?
False
Let y(c) = -c**2 + 5*c - 6. Let j be y(5). Let l be 12/5*(-90)/(-3). Is j/(-2 - l/(-39)) prime?
False
Suppose -2*j + 6 = 2*g - 6, -2*j = -2. Suppose -4*w = -8*w + 8. Suppose 70 = 5*k - g*s, -w*k + 43 = -5*s + 3. Is k a composite number?
True
Suppose 5*x = -2*l + 703, -x + 3*x - 2*l - 284 = 0. Let s = x + -85. Let h = s + -30. Is h a composite number?
True
Let t = -4 - -7. Suppose -52 = -t*h + h. Suppose 2*g + 4*d - 82 = 0, -g + 4*d + 97 - h = 0. Is g composite?
True
Let a be (6/18)/((-1)/(-6)). Suppose 0 = -2*x - 2*x - 356. Is (a - (-9)/(-3))*x a prime number?
True
Suppose 3*m - 1902 - 1449 = 0. Is m a prime number?
True
Suppose 4*s - 20 = 4. Let i(j) = 22*j - 5. Is i(s) prime?
True
Suppose 85 = v - 0*v. Is v composite?
True
Suppose 526 = 4*p + 4*t + 2702, 5*t = 4*p + 2221. Is (5/3)/((-3)/p) prime?
False
Suppose 3*v - 1 = 2. Let s(f) = -86*f - 97*f + 29*f - v. Is s(-2) composite?
False
Suppose 2*r - 552 = 530. Is r composite?
False
Let z be (0 + 1)/((-2)/(-14)). Let v(m) = -4*m - 238. Let i(p) = -3*p - 159. Let u(g) = z*i(g) - 5*v(g). Is u(0) a composite number?
True
Let y(f) = -f**2 - 10*f. Let n(d) = -d + 8. Let l be n(0). Let b be y(l). Let m = b - -213. Is m a composite number?
True
Suppose -1010 = -6*c + 2836. Is c composite?
False
Let o = 14 + -31. Let s = 12 + o. Let n(g) = 7*g**2 + 7*g + 5. Is n(s) a composite number?
True
Suppose 1076 = 4*p - 5*h + 22, 6 = -3*h. Let d = 680 - p. Is d prime?
True
Suppose -5*z - 4*y + 8 = -10, 0 = 3*z - 2*y - 2. Suppose -z*m = -99 - 39. Is m composite?
True
Suppose 4*c - 3 = 5. Let q be ((-12)/(-8))/(c/(-76)). Let u = q - -92. Is u composite?
True
Suppose -3*k - 2*p = -441, 4*k - 222 = -p + 371. Is k a prime number?
True
Suppose 5*a = -5*m + 410, -2*a - a = -4*m + 356. Let c = m + -61. Is c a composite number?
True
Is 36400/30 + 2/(-6) prime?
True
Suppose -4*k + 20 = -6*k. Is (-2108)/k - (-1)/5 composite?
False
Suppose 19 = 3*b - 5*g, -b + 5*g = 2 - 25. Let c(o) = 6*o**2 + 2*o. Let q be c(b). Suppose -n + 15 + q = 0. Is n a prime number?
False
Suppose -3*k + 9 = -6. Suppose g = -k + 206. Is g a composite number?
True
Let i = 11 - 7. Let g(p) = 3*p**3 - 5*p**2 + 2*p + 2. Let w be g(i). Suppose 2*n = -4*a + w, n + 4*a + 143 = 4*n. Is n a prime number?
True
Let u = -1 + 3. Suppose 894 = 5*l - u*b, 4*b + 8 = -0*b. Is (l/4)/(4/8) prime?
True
Let b = 28 - 26. Suppose 4*c - 104 = 5*l, -2*c = b*l + l - 52. Is c a composite number?
True
Let h be -3 - (1 - 1 - -143). Let y = h + 243. Is y composite?
False
Let t(y) = 21*y**2 + y + 2. Let v be t(3). Let l = -67 + v. Is l a prime number?
True
Is ((-14)/2)/(6/(-498)) a composite number?
True
Suppose 2*m + 3*m + f - 823 = 0, 3*m - 2*f = 499. Suppose 4*g - m = -g. Is (g/9)/1*9 a composite number?
True
Suppose -5*m + 27 = 2. Let c = -7 + m. Is (-3)/c*(0 + 2) a composite number?
False
Suppose 3*r - 6 - 6 = 0. Suppose r*u - 74 = 2*u. Is u a composite number?
False
Let b(k) = k**2 - k + 7. Let q(v) = -2*v. Let f be q(3). Is b(f) a prime number?
False
Let u(y) = y**2 - 9*y - 6. Is u(-7) composite?
True
Let v(f) = f**2 - 10*f + 9. Suppose 3*a - 28 = 5*a + 4*m, 2*m = -4. Is v(a) a composite number?
True
Suppose 4*c = -2*j, 14 + 12 = -3*c + 5*j. Let y = 21 + c. Is y a composite number?
False
Let n = 952 - 513. Is n a composite number?
False
Suppose 0*c = 5*c + 25, 0 = -5*m + c + 80. Let u = -8 + m. Is u a prime number?
True
Let a = 366 + -255. Is a a composite number?
True
Let z = -10 + 12. Suppose -b + 2*c = -543, 0 = z*c + 2 - 12. Is b a composite number?
True
Let w = -202 + 425. Is w a composite number?
False
Let f = 398 + 455. Is f a composite number?
False
Suppose -5*i - 8*c - 35 = -3*c, -3*i - c - 23 = 0. Let z(k) = 0*k**2 + 10 + 8*k - 3*k**2 - k**2 + 5*k**2. Is z(i) prime?
False
Let o(k) = 27*k**2 + 2*k - 1. Is o(2) prime?
False
Let x = 8812 - 4265. Is x composite?
False
Suppose -5*w = -v - 16, -4*v - 7 = -3. Suppose m + o - 5 = 0